{"id":40,"date":"2014-08-24T18:57:21","date_gmt":"2014-08-24T16:57:21","guid":{"rendered":"http:\/\/hugin31155.apps-1and1.net\/?page_id=40"},"modified":"2026-09-01T20:02:23","modified_gmt":"2026-09-01T20:02:23","slug":"die-crew","status":"publish","type":"page","link":"https:\/\/hugin3.de\/?page_id=40","title":{"rendered":"Die Crew"},"content":{"rendered":"<h4>&nbsp;<\/h4>\n<p><a href=\"https:\/\/hugin3.de\/wp-content\/uploads\/2014\/08\/P1030230klein.jpg\"><img loading=\"lazy\" decoding=\"async\" class=\"wp-image-46 alignleft\" src=\"https:\/\/hugin3.de\/wp-content\/uploads\/2014\/08\/P1030230klein.jpg\" alt=\"Ute und Peter\" width=\"324\" height=\"247\"><\/a><\/p>\n<p>Das sind Peter und Ute, die Besitzer dieses wundersch\u00f6nen Schiffs.<\/p>\n<p>&nbsp;<\/p>\n<p>&nbsp;<\/p>\n<p>&nbsp;<\/p>\n<h4>&nbsp;<\/h4>\n<p>&nbsp;<\/p>\n<p><a href=\"https:\/\/hugin3.de\/wp-content\/uploads\/2014\/08\/peter_sitzt_Vorsegel.jpg\"><img loading=\"lazy\" decoding=\"async\" class=\"alignleft wp-image-56\" src=\"https:\/\/hugin3.de\/wp-content\/uploads\/2014\/08\/peter_sitzt_Vorsegel-225x300.jpg\" alt=\"peter_sitzt_Vorsegel\" width=\"239\" height=\"315\"><\/a><\/p>\n<p>Peter, Jg. 1957, segelt seit seinem 18. Lebensjahr und hat etwa ebenso lange von einem eigenen gro\u00dfen Schiff getr\u00e4umt, mit dem man die ganze Welt besegeln kann. Im zweiten Leben arbeitet er bei einem gro\u00dfen Fernsehsender im S\u00fcdwesten der Republik und betreut dort gro\u00dfe Projekte der Ausstattung. Dass er mal Schreiner gelernt hat, kommt ihm und dem Schiff sehr zugute&#8230;<\/p>\n<p>&nbsp;<\/p>\n<p>&nbsp;<\/p>\n<p><a href=\"https:\/\/hugin3.de\/wp-content\/uploads\/2014\/08\/P1030381klein.jpg\"><img loading=\"lazy\" decoding=\"async\" class=\"alignleft wp-image-49\" src=\"https:\/\/hugin3.de\/wp-content\/uploads\/2014\/08\/P1030381klein.jpg\" alt=\"Ute_am_Steuer\" width=\"284\" height=\"213\"><\/a>Ute, Jg. 1961, hat vor 10 Jahren bei einem Karibikt\u00f6rn die Leidenschaft f\u00fcr&#8217;s Segeln gepackt. Im zweiten Leben ist sie Redakteurin und Drehbuchautorin f\u00fcr eine bekannte Fernseh-Serie im S\u00fcdwesten. Dass ihr Mann mal Schreiner gelernt hat, kommt ihr und dem Boot sehr zugute&#8230;.Sie ist eher f\u00fcr die Kommunikation an Land zust\u00e4ndig.<\/p>\n<h4>&nbsp;<\/h4>\n","protected":false},"excerpt":{"rendered":"<p>&nbsp; Das sind Peter und Ute, die Besitzer dieses wundersch\u00f6nen Schiffs. &nbsp; &nbsp; &nbsp; &nbsp; &nbsp; Peter, Jg. 1957, segelt seit seinem 18. Lebensjahr und hat etwa ebenso lange von einem eigenen gro\u00dfen Schiff getr\u00e4umt, mit dem man die ganze Welt besegeln kann. Im zweiten Leben arbeitet er bei einem gro\u00dfen Fernsehsender im S\u00fcdwesten der &hellip; <\/p>\n<p class=\"link-more\"><a href=\"https:\/\/hugin3.de\/?page_id=40\" class=\"more-link\">Continue reading<span class=\"screen-reader-text\"> &#8222;Die Crew&#8220;<\/span><\/a><\/p>\n","protected":false},"author":2,"featured_media":0,"parent":0,"menu_order":0,"comment_status":"closed","ping_status":"open","template":"","meta":{"ngg_post_thumbnail":0,"footnotes":""},"class_list":["post-40","page","type-page","status-publish","hentry"],"_links":{"self":[{"href":"https:\/\/hugin3.de\/index.php?rest_route=\/wp\/v2\/pages\/40","targetHints":{"allow":["GET"]}}],"collection":[{"href":"https:\/\/hugin3.de\/index.php?rest_route=\/wp\/v2\/pages"}],"about":[{"href":"https:\/\/hugin3.de\/index.php?rest_route=\/wp\/v2\/types\/page"}],"author":[{"embeddable":true,"href":"https:\/\/hugin3.de\/index.php?rest_route=\/wp\/v2\/users\/2"}],"replies":[{"embeddable":true,"href":"https:\/\/hugin3.de\/index.php?rest_route=%2Fwp%2Fv2%2Fcomments&post=40"}],"version-history":[{"count":1,"href":"https:\/\/hugin3.de\/index.php?rest_route=\/wp\/v2\/pages\/40\/revisions"}],"predecessor-version":[{"id":2474,"href":"https:\/\/hugin3.de\/index.php?rest_route=\/wp\/v2\/pages\/40\/revisions\/2474"}],"wp:attachment":[{"href":"https:\/\/hugin3.de\/index.php?rest_route=%2Fwp%2Fv2%2Fmedia&parent=40"}],"curies":[{"name":"wp","href":"https:\/\/api.w.org\/{rel}","templated":true}]}}

<h4>&nbsp;</h4>
<p><a href="https://hugin3.de/wp-content/uploads/2014/08/P1030230klein.jpg"><img loading="lazy" decoding="async" class="wp-image-46 alignleft" src="https://hugin3.de/wp-content/uploads/2014/08/P1030230klein.jpg" alt="Ute und Peter" width="324" height="247"></a></p>
<p>Das sind Peter und Ute, die Besitzer dieses wunderschönen Schiffs.</p>
<p>&nbsp;</p>
<p>&nbsp;</p>
<p>&nbsp;</p>
<h4>&nbsp;</h4>
<p>&nbsp;</p>
<p><a href="https://hugin3.de/wp-content/uploads/2014/08/peter_sitzt_Vorsegel.jpg"><img loading="lazy" decoding="async" class="alignleft wp-image-56" src="https://hugin3.de/wp-content/uploads/2014/08/peter_sitzt_Vorsegel-225x300.jpg" alt="peter_sitzt_Vorsegel" width="239" height="315"></a></p>
<p>Peter, Jg. 1957, segelt seit seinem 18. Lebensjahr und hat etwa ebenso lange von einem eigenen großen Schiff geträumt, mit dem man die ganze Welt besegeln kann. Im zweiten Leben arbeitet er bei einem großen Fernsehsender im Südwesten der Republik und betreut dort große Projekte der Ausstattung. Dass er mal Schreiner gelernt hat, kommt ihm und dem Schiff sehr zugute&#8230;</p>
<p>&nbsp;</p>
<p>&nbsp;</p>
<p><a href="https://hugin3.de/wp-content/uploads/2014/08/P1030381klein.jpg"><img loading="lazy" decoding="async" class="alignleft wp-image-49" src="https://hugin3.de/wp-content/uploads/2014/08/P1030381klein.jpg" alt="Ute_am_Steuer" width="284" height="213"></a>Ute, Jg. 1961, hat vor 10 Jahren bei einem Karibiktörn die Leidenschaft für&#8217;s Segeln gepackt. Im zweiten Leben ist sie Redakteurin und Drehbuchautorin für eine bekannte Fernseh-Serie im Südwesten. Dass ihr Mann mal Schreiner gelernt hat, kommt ihr und dem Boot sehr zugute&#8230;.Sie ist eher für die Kommunikation an Land zuständig.</p>
<h4>&nbsp;</h4>

<p>&nbsp; Das sind Peter und Ute, die Besitzer dieses wunderschönen Schiffs. &nbsp; &nbsp; &nbsp; &nbsp; &nbsp; Peter, Jg. 1957, segelt seit seinem 18. Lebensjahr und hat etwa ebenso lange von einem eigenen großen Schiff geträumt, mit dem man die ganze Welt besegeln kann. Im zweiten Leben arbeitet er bei einem großen Fernsehsender im Südwesten der &hellip; </p>
<p class="link-more"><a href="https://hugin3.de/?page_id=40" class="more-link">Continue reading<span class="screen-reader-text"> &#8222;Die Crew&#8220;</span></a></p>
